 prime?
True
Is 289557247 a composite number?
True
Is 182380643779 prime?
True
Is 16898631481 a composite number?
True
Is 73702781 composite?
True
Is 7391908949 a prime number?
True
Is 7575447641 composite?
True
Is 2255674697 prime?
False
Is 101991624497 a composite number?
True
Is 7465054855 composite?
True
Is 44572439 composite?
False
Is 15805850649 prime?
False
Is 238535642 prime?
False
Is 2476856047 prime?
True
Is 4024721963 composite?
True
Is 2008867 a composite number?
True
Is 442806227 a composite number?
False
Is 31025278759 a composite number?
True
Is 10724668363 a composite number?
False
Is 23156846663 composite?
True
Is 57490726901 composite?
False
Is 4928673602 composite?
True
Is 51001001 a prime number?
True
Is 504398143 composite?
True
Is 67577883167 a prime number?
False
Is 531360923 a prime number?
True
Is 10795487119 composite?
True
Is 24861282879 a prime number?
False
Is 304647841 a prime number?
True
Is 3222621781 a prime number?
False
Is 17186559073 a prime number?
True
Is 1205381971 a prime number?
True
Is 827257997 a composite number?
True
Is 1529475071 a prime number?
True
Is 4478339237 a composite number?
True
Is 23737039763 a composite number?
True
Is 2510091295 prime?
False
Is 32097231103 composite?
True
Is 1179389643 prime?
False
Is 12073393547 a composite number?
False
Is 2987808965 a composite number?
True
Is 576908071 a composite number?
True
Is 821181203 a prime number?
True
Is 14610977 a composite number?
False
Is 77027197927 composite?
False
Is 10888094527 composite?
False
Is 6876972307 composite?
False
Is 10913989759 a prime number?
True
Is 83423769931 prime?
True
Is 29723536121 a prime number?
True
Is 26041386373 prime?
True
Is 10210901579 a prime number?
False
Is 3109442723 prime?
True
Is 261147787 a prime number?
False
Is 14086358219 prime?
False
Is 18370801447 composite?
True
Is 508358899 a composite number?
True
Is 2660006641 a prime number?
True
Is 11746930817 composite?
False
Is 52349933509 composite?
True
Is 245751853 composite?
True
Is 1858427537 prime?
True
Is 230535167 composite?
True
Is 8966108413 a prime number?
True
Is 5019622705 composite?
True
Is 1821064277 a prime number?
True
Is 1343266331 a composite number?
True
Is 29850900821 prime?
False
Is 41665876471 a prime number?
True
Is 300697254743 a composite number?
False
Is 3023145907 a composite number?
True
Is 9185133173 a composite number?
False
Is 2734606691 composite?
True
Is 151987673 prime?
True
Is 36579085379 composite?
True
Is 41019288137 prime?
True
Is 6949624631 composite?
True
Is 148763981 composite?
False
Is 371351441 prime?
False
Is 12362364023 prime?
False
Is 1156515707 a composite number?
False
Is 6427734427 a prime number?
False
Is 39415865007 a prime number?
False
Is 4399398631 a prime number?
False
Is 9125271479 composite?
True
Is 1626758732845 a prime number?
False
Is 8426310769 composite?
True
Is 6582735251 composite?
True
Is 1674540403 prime?
False
Is 573781205 composite?
True
Is 2612390909 a prime number?
True
Is 4854527453 prime?
False
Is 77186189 prime?
False
Is 41284358893 a composite number?
False
Is 37987378153 prime?
False
Is 17847148637 prime?
False
Is 130134376531 composite?
True
Is 3128569141 prime?
True
Is 1495584901 prime?
True
Is 1913855831 composite?
False
Is 4908487679 prime?
False
Is 9751681993 a composite number?
True
Is 409406939 a prime number?
True
Is 610968461 a prime number?
True
Is 6974658203 prime?
True
Is 71981096107 a composite number?
True
Is 4360436774 a prime number?
False
Is 23781320369 composite?
False
Is 22410992399 composite?
True
Is 122878033 a composite number?
False
Is 6671301989 prime?
False
Is 10891557139 a composite number?
False
Is 824462053 a prime number?
True
Is 381625841 a composite number?
True
Is 1539284381 composite?
False
Is 4673151179 a composite number?
True
Is 404326883 a composite number?
False
Is 5276376507 a composite number?
True
Is 349697377 a composite number?
False
Is 2174957503 a prime number?
False
Is 8009802673 a prime number?
True
Is 2279066879 composite?
False
Is 1023129929 composite?
False
Is 5680571237 a composite number?
True
Is 563367719 composite?
False
Is 78783708353 prime?
False
Is 541974327 prime?
False
Is 1221619351 prime?
False
Is 2072537609 a prime number?
False
Is 3340501711 prime?
False
Is 33658971707 a composite number?
True
Is 1038630443 a prime number?
True
Is 2165983751 a prime number?
False
Is 86009113915 prime?
False
Is 559814403859 a prime number?
True
Is 70515407857 prime?
False
Is 295380767 a composite number?
True
Is 153063893 a composite number?
False
Is 2412174662 composite?
True
Is 3485809267 a prime number?
False
Is 559215751 a prime number?
True
Is 3648978161 a composite number?
True
Is 83710872499 a composite number?
False
Is 1535152611 prime?
False
Is 41616019 composite?
True
Is 45034327645 composite?
True
Is 3249525837 composite?
True
Is 411958861 a prime number?
True
Is 37495201078 a composite number?
True
Is 2919666637 prime?
False
Is 243246793 a composite number?
True
Is 916061753 composite?
True
Is 1012468807 composite?
True
Is 2976152071 composite?
False
Is 8543365301 a composite number?
False
Is 20320403473 prime?
True
Is 687607817 a prime number?
False
Is 870214781 a composite number?
True
Is 2170405651 prime?
False
Is 536847203 prime?
True
Is 11315830157 composite?
False
Is 1273627937 composite?
False
Is 86485271 prime?
True
Is 5323925137 composite?
True
Is 2280035773 a composite number?
False
Is 4408457701 a composite number?
False
Is 3909441073 prime?
False
Is 570624001 prime?
True
Is 1070231543 a composite number?
True
Is 342101941 a composite number?
True
Is 522115901 prime?
True
Is 271557407 a prime number?
False
Is 137847186329 a prime number?
False
Is 4743748223 a composite number?
False
Is 778381273 composite?
True
Is 2541495139 a prime number?
True
Is 9079689227 a prime number?
False
Is 34765458067 a composite number?
True
Is 5662640233 a composite number?
True
Is 176316707461 prime?
True
Is 21157648199 prime?
True
Is 4639170079 prime?
True
Is 14409599713 a prime number?
False
Is 529199269 a composite number?
False
Is 28998820843 a prime number?
True
Is 47385382309 a composite number?
True
Is 4220140907 prime?
True
Is 225083069 a composite number?
False
Is 57653879 composite?
False
Is 3461274031 a prime number?
False
Is 64667117 prime?
True
Is 7084444771 a prime number?
False
Is 527701393 composite?
False
Is 976995601 prime?
False
Is 96764255743 prime?
True
Is 426013147 prime?
False
Is 550333159 a prime number?
False
Is 599760653 prime?
False
Is 385762463273 prime?
False
Is 9871502093 a prime number?
True
Is 711759059 a composite number?
True
Is 71305390789 a composite number?
False
Is 60050735869 composite?
False
Is 48134029091 prime?
True
Is 9768777899 a composite number?
False
Is 1915716419 a composite number?
False
Is 27273089087 a composite number?
True
Is 2468053682 prime?
False
Is 117651881 a prime number?
True
Is 338204835083 a composite number?
False
Is 1188117761 a prime number?
True
Is 240369013 composite?
False
Is 199746509 a composite number?
False
Is 448896394645 composite?
True
Is 29545115599 prime?
False
Is 4677140269 prime?
True
Is 51497831327 composite?
False
Is 55840590823 a composite number?
False
Is 340522789 a prime number?
True
Is 215716667 a prime number?
False
Is 5478449299 prime?
True
Is 24325307287 composite?
False
Is 857954743 composite?
False
Is 41241768611 a composite number?
False
Is 331040617 prime?
False
Is 23657572909 a prime number?
False
Is 972974427 a composite number?
True
Is 761702834 prime?
False
Is 169040299643 a composite number?
False
Is 28066267423 prime?
False
Is 222219197 prime?
True
Is 313718879 a composite number?
True
Is 5120375047 a composite number?
False
Is 13311658781 a composite number?
False
Is 593986997 composite?
True
Is 14117981399 a prime number?
False
Is 10152017221 prime?
True
Is 14855824487 composite?
True
Is 787973293 a composite number?
True
Is 60290393 a composite number?
True
Is 524245135 composite?
True
Is 14757718007 a prime number?
True
Is 238813901 a composite number?
False
Is 42143111581 prime?
True
Is 1816013963 composite?
False
Is 1852147687 composite?
True
Is 115774734221 prime?
False
Is 2548392299 prime?
False
Is 4129771571 prime?
True
